{"id":322,"date":"2021-03-01T12:48:15","date_gmt":"2021-03-01T12:48:15","guid":{"rendered":"http:\/\/www.cerexballerini.com.br\/?page_id=322"},"modified":"2025-07-18T11:37:38","modified_gmt":"2025-07-18T11:37:38","slug":"diretoria-atual","status":"publish","type":"page","link":"http:\/\/www.cerexballerini.com.br\/?page_id=322","title":{"rendered":"Diretoria atual"},"content":{"rendered":"\t\t<div data-elementor-type=\"wp-page\" data-elementor-id=\"322\" class=\"elementor elementor-322\" data-elementor-settings=\"[]\">\n\t\t\t<div class=\"elementor-inner\">\n\t\t\t\t<div class=\"elementor-section-wrap\">\n\t\t\t\t\t\t\t<section class=\"elementor-element elementor-element-a09cf01 elementor-section-full_width elementor-section-height-default elementor-section-height-default elementor-section elementor-top-section\" data-id=\"a09cf01\" data-element_type=\"section\">\n\t\t\t\t\t\t<div class=\"elementor-container elementor-column-gap-no\">\n\t\t\t\t<div class=\"elementor-row\">\n\t\t\t\t<div class=\"elementor-element elementor-element-011c395 elementor-column elementor-col-100 elementor-top-column\" data-id=\"011c395\" data-element_type=\"column\">\n\t\t\t<div class=\"elementor-column-wrap  elementor-element-populated\">\n\t\t\t\t\t<div class=\"elementor-widget-wrap\">\n\t\t\t\t<div class=\"elementor-element elementor-element-52d6849 elementor-widget elementor-widget-heading\" data-id=\"52d6849\" data-element_type=\"widget\" data-widget_type=\"heading.default\">\n\t\t\t\t<div class=\"elementor-widget-container\">\n\t\t\t<h2 class=\"elementor-heading-title elementor-size-default\">Diretoria atual<\/h2>\t\t<\/div>\n\t\t\t\t<\/div>\n\t\t\t\t\t\t<\/div>\n\t\t\t<\/div>\n\t\t<\/div>\n\t\t\t\t\t\t<\/div>\n\t\t\t<\/div>\n\t\t<\/section>\n\t\t\t\t<section class=\"elementor-element elementor-element-1372fed elementor-section-boxed elementor-section-height-default elementor-section-height-default elementor-section elementor-top-section\" data-id=\"1372fed\" data-element_type=\"section\">\n\t\t\t\t\t\t<div class=\"elementor-container elementor-column-gap-default\">\n\t\t\t\t<div class=\"elementor-row\">\n\t\t\t\t<div class=\"elementor-element elementor-element-ebcab04 elementor-column elementor-col-100 elementor-top-column\" data-id=\"ebcab04\" data-element_type=\"column\">\n\t\t\t<div class=\"elementor-column-wrap  elementor-element-populated\">\n\t\t\t\t\t<div class=\"elementor-widget-wrap\">\n\t\t\t\t<div class=\"elementor-element elementor-element-6c90f21 elementor-widget elementor-widget-text-editor\" data-id=\"6c90f21\" data-element_type=\"widget\" data-widget_type=\"text-editor.default\">\n\t\t\t\t<div class=\"elementor-widget-container\">\n\t\t\t\t\t<div class=\"elementor-text-editor elementor-clearfix\"><p class=\"western\" align=\"justify\"><span style=\"font-family: Arial, serif;\"><u><b>Presidente<\/b><\/u><\/span><\/p><p class=\"western\" align=\"justify\"><span style=\"font-family: Arial, serif;\">Nome: <strong>Cesarina de F\u00e1tima da Silva Mendes Ramos<\/strong><\/span><\/p><p class=\"western\" align=\"justify\"><span style=\"font-family: Arial, serif;\"><u><b>Vice Presidente<\/b><\/u><\/span><\/p><p class=\"western\" align=\"justify\"><span style=\"font-family: Arial, serif;\">Nome: <strong>Ieda Maria Alves<\/strong><br \/><\/span><\/p><p class=\"western\" align=\"justify\"><span style=\"font-family: Arial, serif;\"><u><b>1\u00aa Tesoureiro<\/b><\/u><\/span><\/p><p class=\"western\" align=\"justify\"><span style=\"font-family: Arial, serif;\">Nome:\u00a0<\/span><strong>Edilson Rosa de Ara\u00fajo Vale <\/strong><\/p><p class=\"western\" align=\"justify\"><span style=\"font-family: Arial, serif;\"><u><b>2\u00aa Tesoureira<\/b><\/u><\/span><\/p><p class=\"western\" align=\"justify\"><span style=\"font-family: Arial, serif;\">Nome: <\/span><strong>Luciene Guimar\u00e3es<\/strong><\/p><p><strong>\u00a0<\/strong><span style=\"font-family: Arial, serif;\"><u><b>1\u00aa Secret\u00e1ria<\/b><\/u><\/span><\/p><p class=\"western\" align=\"justify\"><span style=\"font-family: Arial, serif;\">Nome:\u00a0<\/span><strong>Viviane Passos Hurtado Sierra<\/strong><\/p><p>\u00a0<span style=\"font-family: Arial, serif;\"><u><b>2\u00aa Secret\u00e1ria<\/b><\/u><\/span><\/p><p class=\"western\" align=\"justify\"><span style=\"font-family: Arial, serif;\">Nome:\u00a0<\/span><strong>Roberto Gon\u00e7alves Alvarez<\/strong><\/p><p class=\"western\" align=\"justify\">\u00a0<\/p><p class=\"western\" align=\"justify\"><span style=\"font-family: Arial, serif;\"><u><b>Diretor de Patrim\u00f4nio<\/b><\/u><\/span><\/p><p class=\"western\" align=\"justify\"><span style=\"font-family: Arial, serif;\">Nome: <strong>Nadir Vilela Pereira<\/strong><\/span><\/p><p class=\"western\" align=\"justify\"><span style=\"font-family: Arial, serif;\"><u><b>Diretora Social<\/b><\/u><\/span><\/p><p class=\"western\"><span style=\"font-family: Arial, serif;\">Nome:\u00a0<\/span><strong>Milena <\/strong><strong>Crespo Lazanha<\/strong><\/p><p class=\"western\"><span style=\"font-family: Arial, serif;\">\u00a0<\/span><\/p><\/div>\n\t\t\t\t<\/div>\n\t\t\t\t<\/div>\n\t\t\t\t\t\t<\/div>\n\t\t\t<\/div>\n\t\t<\/div>\n\t\t\t\t\t\t<\/div>\n\t\t\t<\/div>\n\t\t<\/section>\n\t\t\t\t\t\t<\/div>\n\t\t\t<\/div>\n\t\t<\/div>\n\t\t","protected":false},"excerpt":{"rendered":"<p>Diretoria atual Presidente Nome: Cesarina de F\u00e1tima da Silva Mendes Ramos Vice Presidente Nome: Ieda Maria Alves 1\u00aa Tesoureiro Nome:&nbsp;Edilson Rosa de Ara\u00fajo Vale 2\u00aa Tesoureira Nome: Luciene Guimar\u00e3es &nbsp;1\u00aa Secret\u00e1ria Nome:&nbsp;Viviane Passos Hurtado Sierra &nbsp;2\u00aa Secret\u00e1ria Nome:&nbsp;Roberto Gon\u00e7alves Alvarez Diretor de Patrim\u00f4nio Nome: Nadir Vilela Pereira Diretora Social Nome:&nbsp;Milena Crespo Lazanha<\/p>\n","protected":false},"author":1,"featured_media":0,"parent":0,"menu_order":0,"comment_status":"closed","ping_status":"closed","template":"page-templates\/homepage.php","meta":[],"_links":{"self":[{"href":"http:\/\/www.cerexballerini.com.br\/index.php?rest_route=\/wp\/v2\/pages\/322"}],"collection":[{"href":"http:\/\/www.cerexballerini.com.br\/index.php?rest_route=\/wp\/v2\/pages"}],"about":[{"href":"http:\/\/www.cerexballerini.com.br\/index.php?rest_route=\/wp\/v2\/types\/page"}],"author":[{"embeddable":true,"href":"http:\/\/www.cerexballerini.com.br\/index.php?rest_route=\/wp\/v2\/users\/1"}],"replies":[{"embeddable":true,"href":"http:\/\/www.cerexballerini.com.br\/index.php?rest_route=%2Fwp%2Fv2%2Fcomments&post=322"}],"version-history":[{"count":9,"href":"http:\/\/www.cerexballerini.com.br\/index.php?rest_route=\/wp\/v2\/pages\/322\/revisions"}],"predecessor-version":[{"id":2204,"href":"http:\/\/www.cerexballerini.com.br\/index.php?rest_route=\/wp\/v2\/pages\/322\/revisions\/2204"}],"wp:attachment":[{"href":"http:\/\/www.cerexballerini.com.br\/index.php?rest_route=%2Fwp%2Fv2%2Fmedia&parent=322"}],"curies":[{"name":"wp","href":"https:\/\/api.w.org\/{rel}","templated":true}]}}